{"id":362,"date":"2022-03-07T11:39:22","date_gmt":"2022-03-07T10:39:22","guid":{"rendered":"https:\/\/shop-grundschul-universum.de\/?post_type=product&#038;p=362"},"modified":"2026-04-12T18:34:15","modified_gmt":"2026-04-12T16:34:15","slug":"sas-schreibschriftkurs-gedruckte-version-inkl-mappe","status":"publish","type":"product","link":"https:\/\/shop-grundschul-universum.de\/index.php\/product\/sas-schreibschriftkurs-gedruckte-version-inkl-mappe\/","title":{"rendered":"SAS Schreibschriftkurs (gedruckte Version inkl. Mappe)"},"content":{"rendered":"<p><span style=\"text-decoration: underline;\"><strong>Schreibschrift-Lehrgang<\/strong><strong> (Schulausgangssch<\/strong><strong>rift<\/strong><strong> SAS), Kopiervorlagen Din A4 f\u00fcr 1.\/2. Jahrgangsstufe, leh<\/strong><strong>rwerkunabh\u00e4ngig<\/strong><strong>, mit Schwerpunkt auf verbessertem Schreibfluss<\/strong><strong>Aus der Praxis f\u00fcr die Praxis, inklusive Mappe und Versand<\/strong><\/span><br \/>\n<strong>Aus der Praxis f\u00fcr die Praxis<\/strong><br \/>\n&#8211; enth\u00e4lt Kopiervorlagen f\u00fcr Schwung\u00fcbungen (10 Seiten Din A5)<br \/>\n&#8211; Buchstabeneinf\u00fchrung (inkl. \u00df sch ch) als Kopiervorlagen (30 Seiten Din A4)<br \/>\n&#8211; vertiefende \u00dcbungen mit W\u00f6rtern und S\u00e4tzen als Kopiervorlagen (20 Seiten Din A4)- 10 vorbereitende Schwung\u00fcbungen<br \/>\n&#8211; umstrittene Buchstaben, wie kleines t, K\u00f6pfchen-e und Schleifen-s durch weniger fehleranf\u00e4llige Varianten ersetzt (sieheProduktvorschau)<br \/>\n&#8211; erg\u00e4nzendes Material f\u00fcr Tafel, Lern\u00fcbersicht und Schreib\u00fcbungen<br \/>\n&#8211; inklusive Lehrerhandreichung mit ausf\u00fchrlichen Vorschl\u00e4gen f\u00fcr die Umsetzung im Unterricht<br \/>\n&#8211; entstanden aus mehr als zwei Jahrzehnten Erfahrung mit verbundener Schrift<br \/>\n<strong>Weniger ist manchmal mehr<\/strong><br \/>\n&#8211; schlicht gehaltene \u00dcbungsseiten mit immer gleichem Aufbau<br \/>\n&#8211; vermeidet Ablenkung, \u00dcberreizung und \u00dcberforderung<br \/>\n&#8211; wenig Aufwand f\u00fcr Unterrichtsvorbereitung<br \/>\n<strong>Aller Anfang muss nicht schwer sein<\/strong><br \/>\n&#8211; vorbereitende Schwung\u00fcbungen, aufgebaut wie die anschlie\u00dfenden Buchstabenseiten<br \/>\n&#8211; bereitet die Einf\u00fchrung der Buchstaben optimal vor<br \/>\n&#8211; Sicherheit f\u00fcr die Sch\u00fcler\/innen durch \u00e4hnlichen Ablauf<br \/>\n<strong>\u00dcbung macht den Meister und die Meisterin<\/strong><br \/>\n&#8211; intensive \u00dcbung der Buchstabenverbindungen (=Voraussetzung f\u00fcr Schreibfluss)<br \/>\n&#8211; ein DinA4-Arbeitsblatt f\u00fcr jeden Buchstaben (inkl. \u00df, ch, sch)<br \/>\n&#8211; auf der R\u00fcckseite jeder Seite:\u00a0 Platz f\u00fcr vorbereitende Schreib\u00fcbung<br \/>\n&#8211; zus\u00e4tzliche Arbeitsbl\u00e4tter mit W\u00f6rtern und S\u00e4tzen als vertiefende \u00dcbungen<br \/>\n&#8211; Blanko-Linienbl\u00e4tter in 3 verschiedenen Zeilengr\u00f6\u00dfen und 2 Formaten als Kopiervorlagen f\u00fcr Differenzierung<\/p>\n<p>P<strong>assend dazu gibt\u00b4s unser <a href=\"https:\/\/shop-grundschul-universum.de\/index.php\/product\/schreibschrift-kurs-sas-arbeitsheft-1-2-jahrgangsstufe\/\">Arbeitsheft Schreibschrift-Kurs in SAS<\/a><\/strong><\/p>\n<p><strong>Nur Lieferung innerhalb Deutschlands und nach \u00d6sterreich.<br \/>\nVersandkosten: innerhalb Deutschland kostenlos; nach \u00d6sterreich 7\u20ac.<\/strong><\/p>\n","protected":false},"excerpt":{"rendered":"<p>Mit diesen 50 DinA4-Kopiervorlagen f\u00e4llt das nachhaltige Vermitteln der Schreibschrift leicht. Nacheinander werden die Buchstaben der Schulausgangsschrift eingef\u00fchrt und die Buchstabenverbindungen intensiv trainiert. F\u00fcr <em>e<\/em>, <em>t<\/em> und <em>s<\/em> wurden die Buchstabenvarianten gew\u00e4hlt, die die Entwicklung von Fehlformen minimieren. W\u00f6rter und S\u00e4tze k\u00f6nnen auf eigenen Seiten zus\u00e4tzlich ge\u00fcbt werden.Beispiele f\u00fcr Buchstabeneinf\u00fchrung und Tafelmaterial sowie Linienbl\u00e4tter in verschiedenen Formaten erleichtern die Vorbereitung.<\/p>\n","protected":false},"featured_media":2258,"comment_status":"open","ping_status":"closed","template":"","meta":[],"product_brand":[],"product_cat":[72,62,68,69,64,63,66],"product_tag":[33,32],"class_list":{"0":"post-362","1":"product","2":"type-product","3":"status-publish","4":"has-post-thumbnail","6":"product_cat-deutsch","7":"product_cat-fach","8":"product_cat-klasse-1","9":"product_cat-klasse-2","10":"product_cat-klassenstufe","11":"product_cat-kompetenzen","12":"product_cat-schreiben","13":"product_tag-deutsch","14":"product_tag-schreibschrift","16":"first","17":"instock","18":"shipping-taxable","19":"purchasable","20":"product-type-simple"},"jetpack-related-posts":[],"jetpack_sharing_enabled":true,"_links":{"self":[{"href":"https:\/\/shop-grundschul-universum.de\/index.php\/wp-json\/wp\/v2\/product\/362","targetHints":{"allow":["GET"]}}],"collection":[{"href":"https:\/\/shop-grundschul-universum.de\/index.php\/wp-json\/wp\/v2\/product"}],"about":[{"href":"https:\/\/shop-grundschul-universum.de\/index.php\/wp-json\/wp\/v2\/types\/product"}],"replies":[{"embeddable":true,"href":"https:\/\/shop-grundschul-universum.de\/index.php\/wp-json\/wp\/v2\/comments?post=362"}],"wp:featuredmedia":[{"embeddable":true,"href":"https:\/\/shop-grundschul-universum.de\/index.php\/wp-json\/wp\/v2\/media\/2258"}],"wp:attachment":[{"href":"https:\/\/shop-grundschul-universum.de\/index.php\/wp-json\/wp\/v2\/media?parent=362"}],"wp:term":[{"taxonomy":"product_brand","embeddable":true,"href":"https:\/\/shop-grundschul-universum.de\/index.php\/wp-json\/wp\/v2\/product_brand?post=362"},{"taxonomy":"product_cat","embeddable":true,"href":"https:\/\/shop-grundschul-universum.de\/index.php\/wp-json\/wp\/v2\/product_cat?post=362"},{"taxonomy":"product_tag","embeddable":true,"href":"https:\/\/shop-grundschul-universum.de\/index.php\/wp-json\/wp\/v2\/product_tag?post=362"}],"curies":[{"name":"wp","href":"https:\/\/api.w.org\/{rel}","templated":true}]}}