{"id":5718,"date":"2025-03-30T11:48:19","date_gmt":"2025-03-30T09:48:19","guid":{"rendered":"https:\/\/shop-grundschul-universum.de\/?post_type=product&#038;p=5718"},"modified":"2026-04-12T18:33:52","modified_gmt":"2026-04-12T16:33:52","slug":"satzglieder-einfuehrung-orts-und-zeitangabe","status":"publish","type":"product","link":"https:\/\/shop-grundschul-universum.de\/index.php\/product\/satzglieder-einfuehrung-orts-und-zeitangabe\/","title":{"rendered":"Satzglieder &#8211; Einf\u00fchrung Orts- und Zeitangabe"},"content":{"rendered":"<p><strong>Zur Einf\u00fchrung habe ich mir daher folgendes \u00fcberlegt<\/strong>:<\/p>\n<ul>\n<li>Einf\u00fchrung der neuen Fragew\u00f6rter durch Frau Syntax (<em>WK im Material enthalten<\/em>)<\/li>\n<li>Einf\u00fchrung des Fachbegriffs durch einen R\u00e4tselspaziergang im Klassenzimmer (<em>im Material enthalten<\/em>)<\/li>\n<li>Festhalten des L\u00f6sungswortes auf einem AB inklusive Aufgabe f\u00fcr schnelle Kinder (<em>im Material enthalten<\/em>)<\/li>\n<li>Im Anschluss daran k\u00f6nnte man z.B. mit dem Basketball-Spiel (<em>kostenlos auf dem Blog verf\u00fcgbar<\/em>) weitere Beispiele machen oder einen Hefteintrag zum neuen Satzglied schreiben.<\/li>\n<\/ul>\n<p>&#8211;&gt; F\u00fcr eine genaue Beschreibung lies den <a href=\"https:\/\/grundschul-universum.de\/einfuehrung-zeit-und-ortsangabe\/\">Beitrag zu den Unterrichtsstunden auf unserem Blog<\/a> (2 Minuten Lesezeit)<\/p>\n<p><strong>Im Material enthalten<\/strong>:<\/p>\n<ol>\n<li>Wortkarten zu den jeweiligen Fragew\u00f6rtern und beiden Satzgliedern Zeit- bzw. Ortsangabe (Tafelmaterial)<\/li>\n<li>R\u00e4tselspazierg\u00e4nge zu beiden Satzgliedern<\/li>\n<li>Je ein Arbeitsblatt pro Satzglied zum Aufschreiben des L\u00f6sungswortes und f\u00fcr die Aufgabe f\u00fcr schnelle Kinder<\/li>\n<li>Hinweise zur Vorbereitung und Durchf\u00fchrung der Einf\u00fchrungen<\/li>\n<\/ol>\n","protected":false},"excerpt":{"rendered":"<p>Einf\u00fchrung der Satzglieder Zeit- und Ortsangabe<\/p>\n<ul>\n<li>Wortkarten Fragew\u00f6rter und Satzglieder<\/li>\n<li>1 R\u00e4tselspaziergang zum Aufh\u00e4ngen je Satzglied<\/li>\n<li>1 AB je Satzglied<\/li>\n<li>Hinweis zur Vorbereitung und Durchf\u00fchrung<\/li>\n<\/ul>\n","protected":false},"featured_media":5742,"comment_status":"open","ping_status":"closed","template":"","meta":[],"product_brand":[],"product_cat":[72,71,128],"product_tag":[127,33,129],"class_list":{"0":"post-5718","1":"product","2":"type-product","3":"status-publish","4":"has-post-thumbnail","6":"product_cat-deutsch","7":"product_cat-klasse-4","8":"product_cat-sprache-untersuchen","9":"product_tag-baustelle","10":"product_tag-deutsch","11":"product_tag-sprache-untersuchen","13":"first","14":"instock","15":"downloadable","16":"virtual","17":"purchasable","18":"product-type-simple"},"jetpack-related-posts":[],"jetpack_sharing_enabled":true,"_links":{"self":[{"href":"https:\/\/shop-grundschul-universum.de\/index.php\/wp-json\/wp\/v2\/product\/5718","targetHints":{"allow":["GET"]}}],"collection":[{"href":"https:\/\/shop-grundschul-universum.de\/index.php\/wp-json\/wp\/v2\/product"}],"about":[{"href":"https:\/\/shop-grundschul-universum.de\/index.php\/wp-json\/wp\/v2\/types\/product"}],"replies":[{"embeddable":true,"href":"https:\/\/shop-grundschul-universum.de\/index.php\/wp-json\/wp\/v2\/comments?post=5718"}],"wp:featuredmedia":[{"embeddable":true,"href":"https:\/\/shop-grundschul-universum.de\/index.php\/wp-json\/wp\/v2\/media\/5742"}],"wp:attachment":[{"href":"https:\/\/shop-grundschul-universum.de\/index.php\/wp-json\/wp\/v2\/media?parent=5718"}],"wp:term":[{"taxonomy":"product_brand","embeddable":true,"href":"https:\/\/shop-grundschul-universum.de\/index.php\/wp-json\/wp\/v2\/product_brand?post=5718"},{"taxonomy":"product_cat","embeddable":true,"href":"https:\/\/shop-grundschul-universum.de\/index.php\/wp-json\/wp\/v2\/product_cat?post=5718"},{"taxonomy":"product_tag","embeddable":true,"href":"https:\/\/shop-grundschul-universum.de\/index.php\/wp-json\/wp\/v2\/product_tag?post=5718"}],"curies":[{"name":"wp","href":"https:\/\/api.w.org\/{rel}","templated":true}]}}