{"id":897,"date":"2022-06-15T17:13:08","date_gmt":"2022-06-15T15:13:08","guid":{"rendered":"https:\/\/shop-grundschul-universum.de\/?post_type=product&#038;p=897"},"modified":"2026-04-23T02:02:50","modified_gmt":"2026-04-23T00:02:50","slug":"mitmachbuch-die-reise-ins-all-bundle-dina5","status":"publish","type":"product","link":"https:\/\/shop-grundschul-universum.de\/index.php\/product\/mitmachbuch-die-reise-ins-all-bundle-dina5\/","title":{"rendered":"Mitmachbuch &#8222;Die Reise ins All&#8220; (Bundle, DinA5)"},"content":{"rendered":"<p><em>Dieses Produkt ist eine Download-Datei.<\/em><\/p>\n<p><strong>Zum Buch:<\/strong><br \/>\nIn dem B\u00fcchlein macht der Leser\/die Leserin mit einer Rakete eine Reise ins All und entdeckt u.a. einen neuen Planeten. Der Leser\/die Leserin bestimmt die Geschichte ma\u00dfgeblich mit und benennt beispielsweise einen Stern und beschreibt einen Au\u00dferirdischen.<br \/>\nJe nach Niveaustufe:<br \/>\n&#8211; 4-8 Seiten Text (DinA5)<br \/>\n&#8211; 2-5 Fragen im Text integriert<br \/>\n&#8211; einfachste Stufen f\u00fcr Leseanf\u00e4nger\/innen geeignet<\/p>\n<p><strong>DinA5 Format:<\/strong><br \/>\n&#8211; integrierte Zeilen<br \/>\n&#8211; einfache Handhabung<br \/>\n&#8211; Tipp: Seiten laminieren, sodass mit Folienstiften beschreibbar + abwischbar<\/p>\n<p><strong>Allgemein:<\/strong><br \/>\nUnsere Mitmachb\u00fccher sind gleichzeitig Leseb\u00fccher und Schreibanl\u00e4sse. Im Lesetext des B\u00fcchleins werden die Kinder aufgefordert, Teile der Geschichte zu erfinden und die Geschichte weiterzuschreiben.<br \/>\nSo bestimmen die Kinder den Fortgang der Geschichte erheblich mit.<br \/>\nDie Kinder k\u00f6nnen das Buch selbstst\u00e4ndig bearbeiten. Somit eignen sich die B\u00fccher super f\u00fcr eine Lesestunde, als Teil einer Lerntheke o.\u00e4.<\/p>\n<p><strong>Die B\u00fccher dienen als:<\/strong><br \/>\n&#8211; Lese\u00fcbung (sinnentnehmendes Lesen)<br \/>\n&#8211; Lesemotivation<br \/>\n&#8211; Schreibanlass<br \/>\n&#8211; \u00dcbung f\u00fcr das Geschichtenschreiben<\/p>\n<p><strong>So kannst du sie einsetzen:<\/strong><br \/>\n&#8211; Lesestunde<br \/>\n&#8211; Differenzierung<br \/>\n&#8211; Lerntheke<br \/>\n&#8211; Vor\u00fcbung zum Aufsatzschreiben<br \/>\n&#8211; Lesecaf\u00e9<br \/>\n<strong>Weitere Vorschl\u00e4ge und genauere Ausf\u00fchrungen findest du im Beitrag zu Mitmachb\u00fcchern auf unserem Blog.<\/strong><\/p>\n","protected":false},"excerpt":{"rendered":"<p><strong>Die Reise ins All &#8211; DinA5<\/strong><br \/>\nBundle: 4 B\u00fccher in verschiedenen Niveaustufen<br \/>\nKurzgeschichte \u00fcber den Leser\/die Leserin, der\/die mit einer Rakete in das All fliegt.<br \/>\n4-8 Seiten Text, je nach Niveaustufe<\/p>\n","protected":false},"featured_media":5673,"comment_status":"open","ping_status":"closed","template":"","meta":[],"product_brand":[],"product_cat":[72,62,68,69,70,71,64,63,67,86,87],"product_tag":[84],"class_list":{"0":"post-897","1":"product","2":"type-product","3":"status-publish","4":"has-post-thumbnail","6":"product_cat-deutsch","7":"product_cat-fach","8":"product_cat-klasse-1","9":"product_cat-klasse-2","10":"product_cat-klasse-3","11":"product_cat-klasse-4","12":"product_cat-klassenstufe","13":"product_cat-kompetenzen","14":"product_cat-lesen","15":"product_cat-mitmachbuecher","16":"product_cat-mitmachbuecherdina5","17":"product_tag-mitmachbuch","19":"first","20":"instock","21":"downloadable","22":"virtual","23":"purchasable","24":"product-type-simple"},"jetpack-related-posts":[],"jetpack_sharing_enabled":true,"_links":{"self":[{"href":"https:\/\/shop-grundschul-universum.de\/index.php\/wp-json\/wp\/v2\/product\/897","targetHints":{"allow":["GET"]}}],"collection":[{"href":"https:\/\/shop-grundschul-universum.de\/index.php\/wp-json\/wp\/v2\/product"}],"about":[{"href":"https:\/\/shop-grundschul-universum.de\/index.php\/wp-json\/wp\/v2\/types\/product"}],"replies":[{"embeddable":true,"href":"https:\/\/shop-grundschul-universum.de\/index.php\/wp-json\/wp\/v2\/comments?post=897"}],"wp:featuredmedia":[{"embeddable":true,"href":"https:\/\/shop-grundschul-universum.de\/index.php\/wp-json\/wp\/v2\/media\/5673"}],"wp:attachment":[{"href":"https:\/\/shop-grundschul-universum.de\/index.php\/wp-json\/wp\/v2\/media?parent=897"}],"wp:term":[{"taxonomy":"product_brand","embeddable":true,"href":"https:\/\/shop-grundschul-universum.de\/index.php\/wp-json\/wp\/v2\/product_brand?post=897"},{"taxonomy":"product_cat","embeddable":true,"href":"https:\/\/shop-grundschul-universum.de\/index.php\/wp-json\/wp\/v2\/product_cat?post=897"},{"taxonomy":"product_tag","embeddable":true,"href":"https:\/\/shop-grundschul-universum.de\/index.php\/wp-json\/wp\/v2\/product_tag?post=897"}],"curies":[{"name":"wp","href":"https:\/\/api.w.org\/{rel}","templated":true}]}}